. List the prime factors of d.
3, 31
Let j = 388 - -1250. List the prime factors of j.
2, 3, 7, 13
Suppose o - 5 = -1. Suppose -o*k - m + 492 = -3*m, -k = 2*m - 128. What are the prime factors of k?
2, 31
Suppose 28 = -8*g + 12*g. Let z(d) = -6 + d**2 - 6*d + 0*d + 2*d. List the prime factors of z(g).
3, 5
Suppose r = -j, -4*r - 3*j + 3 - 1 = 0. Suppose 71 = 2*i - t, i - 3*i - r*t + 68 = 0. Suppose 0*u = u - i. List the prime factors of u.
5, 7
What are the prime factors of (-63)/(-3)*(1 + -2)*-13?
3, 7, 13
Suppose l + 0*l - 3*l = 0. Suppose 0*r + 35 = -r. What are the prime factors of l - 2 - r*1?
3, 11
Let q = -19 - -36. Suppose 5*h - q = 2*m + 4, 2*m = -3*h + 19. What are the prime factors of (1 + m)/(5/105)?
3, 7
Let v(u) = u + 12. Let f be v(0). Suppose -3*m = -3*z + 54, 3*m - z + f = -36. What are the prime factors of 3 - (-3 + 5) - m?
2
Let l(w) = 2*w**2 + w + 1. Let s(n) = n**2. Let i(k) = k**3 - 4*k**2 + 2*k + 1. Let x be i(3). Let v be s(x). What are the prime factors of l(v)?
37
Let p(q) = 56*q**2 - 6*q + 49. List the prime factors of p(8).
3, 5, 239
Let r(z) = -19*z**3 - 22*z**2 + 10*z - 14. List the prime factors of r(-6).
2, 1619
Let b(f) = -f**2 + 1 + 2*f**2 + 3*f**2 - 7. Suppose 5*r = -2 - 13. What are the prime factors of b(r)?
2, 3, 5
Let s = -15 + 13. What are the prime factors of ((-75)/(-30))/(s/(-28))?
5, 7
Let a be (84/10)/(-7)*340/(-6). Suppose -b - 7*k = -2*k - a, -5*b + 224 = -4*k. What are the prime factors of b?
2, 3
Let h be (-141)/3 + 9/3. Let s(c) = 2*c**2 - 10*c - 1. Let u be s(10). Let p = u + h. List the prime factors of p.
5, 11
Suppose d - 8881 = -5*a, -4*a + 10637 = -2*d + 3535. What are the prime factors of a?
2, 3, 37
Let l be 3*4 - (-6 + (-21)/(-3)). Suppose l*y - 7*y = 12. List the prime factors of y.
3
Suppose u - 3*r - 653 = 0, -5*u - r - 643 = -6*u. What are the prime factors of u?
2, 11, 29
Let m be -3*7/(42/32). Let s = m - 14. Let i = 50 + s. What are the prime factors of i?
2, 5
Suppose 3*n = 5*n - 60. Suppose 0*y - 3*y = n. List the prime factors of (y/3)/((-8)/12).
5
Let o be 515/4 - (-5)/20. Let a = -90 + o. What are the prime factors of a?
3, 13
Let g(q) = -1141*q - 29. List the prime factors of g(-2).
3, 751
Let x = 8 - 21. Let q = 10 - x. What are the prime factors of q?
23
Let z be (-18)/10 - (-28)/35. List the prime factors of 1842/15 + -4 + z/(-5).
7, 17
Suppose -b + 138 = z + 2*z, 0 = -4*b + 5*z + 637. Suppose p - 3*k = -p + 104, -3*k = -3*p + b. List the prime factors of p.
7
Let y be 13/((-78)/756)*12/(-7). Suppose 9*b - y = 7*b. What are the prime factors of b?
2, 3
Suppose -3*l + 3*a = -840, -2*a - 385 = 4*l - 1499. Let j = 473 - l. List the prime factors of j.
2, 97
Suppose 0 = 5*o - 4*o - 896. What are the prime factors of o?
2, 7
Let i(c) = c**3 - 11*c**2 + 15*c - 10. Let u be i(11). Suppose -4*w - s + u = -2*s, w = 3*s + 36. What are the prime factors of w?
3, 13
Suppose -5*o + 0*f + 4*f = -2380, 2*o + f - 965 = 0. What are the prime factors of o?
2, 3, 5
Let w(k) = -2*k**2 + 19*k - 7. Let m be w(9). Suppose -73 = -4*c + s, -2*s + m = 4. What are the prime factors of c?
2, 3
Let j be (-45)/(-21) - (-2)/(-14). Let d(z) = 5*z**3 - 3*z**2 + 2. What are the prime factors of d(j)?
2, 3, 5
Suppose -r = 4*l - 2350, -4*r + 7*r = -l + 6995. What are the prime factors of r?
2, 5, 233
Suppose 12*i = 21268 + 12008. List the prime factors of i.
47, 59
Suppose -2017 + 5071 = 6*a. List the prime factors of a.
509
Let h be 32/10 - (-12)/(-60). Suppose -h*n = -4*n + 45. What are the prime factors of n?
3, 5
Let q(n) = 51*n + 31. List the prime factors of q(11).
2, 37
Suppose 30*g = 43*g - 47216. What are the prime factors of g?
2, 227
Suppose -3*d + 122 = -166. Let q = -31 + d. List the prime factors of q.
5, 13
Let r = 11 + -9. Suppose -3*z - n = -113, -r*z + 0*n + 57 = -3*n. Let l = -21 + z. List the prime factors of l.
3, 5
Suppose 4*b - 20 = 0, 5*z - 416 - 219 = -2*b. Suppose 4*q - 239 = 3*l, 175 = 5*q - 5*l - z. List the prime factors of 1 - (q/(-1) - -3).
3, 19
Let d(o) = 6*o - o + 63 - 2*o. List the prime factors of d(-12).
3
Let m = -1672 - -3646. List the prime factors of m.
2, 3, 7, 47
Let m(x) = x + 11. Let n be m(-6). Let y be (-498)/(-3) + 10/n. Let u = y + -115. List the prime factors of u.
53
Let m = 11 - 8. Suppose 0 = -3*x - x + g + 12, -4*x = -m*g - 4. Suppose 9 = -a + x*a. What are the prime factors of a?
3
Let y(l) = -3*l + 4*l + 5 + 7*l**2 - l - l**3. Let x be y(7). Suppose -x*s - 1 = -26. What are the prime factors of s?
5
Suppose 5*s = -10, 2*g - 2*s - 54 + 22 = 0. Suppose -56 - g = -2*c. List the prime factors of c.
5, 7
Suppose -3*g = -m - 4*m + 174, 0 = -3*m - 5*g + 84. Suppose 2*y + 78 = 2*r, m = -0*r + r + y. Suppose -3*d - d = -r. List the prime factors of d.
3
Let w(h) = h**2 - 15*h - 10. Let g be w(21). Suppose g = -d + 5*d. What are the prime factors of d?
29
Suppose 0 = 8*z - 1478 - 1074. What are the prime factors of z?
11, 29
Let z be 0 + -3 + 3 + 4 + -10. List the prime factors of -3*((z/3)/(-2) + -52).
3, 17
Let s = 880 - 418. List the prime factors of s.
2, 3, 7, 11
Suppose 3*o = 4084 - 3442. List the prime factors of o.
2, 107
Let d = 8 + -26. Let s = d - -14. List the prime factors of (-2079)/(-84) - 1/s.
5
Suppose -2*i + 3*h = 8*h, -2*i = 2*h - 6. List the prime factors of (i*-7)/(9/(-45)).
5, 7
Let b = 1620 + -159. List the prime factors of b.
3, 487
Let t be -5*2*(-57)/(-15). What are the prime factors of (t/(-2) - 0) + 1?
2, 5
Let l be ((-42)/(-12) - 4)*-246. Let h = 107 + l. What are the prime factors of h?
2, 5, 23
Let d be (0 + -2)/((-2)/4). Let t be (1*-4)/d + 4. Let x = 9 - t. What are the prime factors of x?
2, 3
Suppose 7*l - 3200 = 2*l. List the prime factors of l.
2, 5
Suppose -2*d = 3*d. Suppose d = 3*v + 5 - 17. Suppose 0 = n - v*g - 15, 0 = n + g - 4*g - 15. What are the prime factors of n?
3, 5
Suppose 22*l - 1904 = 14*l. List the prime factors of l.
2, 7, 17
Suppose -25 = -5*z, -2*a - 41 = -5*a + 2*z. Suppose a = 3*p - y + 6, p + 4*y - 21 = 0. Suppose -2 = -u + 3*f, u + p*f = 2 + 16. List the prime factors of u.
2
Let s(t) = -16*t - 4. Let n(q) = 3*q + 1. Let b(f) = -11*n(f) - 2*s(f). Let u be b(-4). What are the prime factors of (558/(-9))/(u*-2)?
31
Let f be 25/10 - 4/8. Suppose -212 = -f*n - 46. What are the prime factors of n?
83
What are the prime factors of (-3)/6 + 683/8*4?
11, 31
Let q(w) = -w**3 - 8*w + 2876. List the prime factors of q(0).
2, 719
Let j(t) = -30*t - 4 - 11 + 44*t. What are the prime factors of j(7)?
83
Let p(q) = -5*q**2 + q + 12. Let a be p(7). Let k = 388 + a. What are the prime factors of k?
2, 3
Suppose -11*v = -16*v + 3035. List the prime factors of v.
607
Let n(h) = -6*h - 2*h - 6 + 5*h**2 - h**2 - 4. List the prime factors of n(-4).
2, 43
Suppose 16*j = 20*j - 52. Let x(b) = 4 - 3*b - 4*b - j. What are the prime factors of x(-5)?
2, 13
Suppose -n = -4*i + 3116, 3*n - 8*n + 2314 = 3*i. What are the prime factors of i?
2, 389
Suppose 2230 + 2423 = 9*y. What are the prime factors of y?
11, 47
Let n = -142 - -1649. What are the prime factors of n?
11, 137
Let u(l) = -6*l**3 - l**2 - l - 106. Let x(w) = -5*w**3 - w**2 - w - 107. Let i(h) = 4*u(h) - 5*x(h). What are the prime factors of i(0)?
3, 37
List the prime factors of (-90)/60*(-1588)/6.
397
Suppose 3*a - 7*a = -5*z + 113, -2*a - 59 = -3*z. Let v = a + 108. What are the prime factors of v?
2, 43
Let q = 644 - -380. What are the prime factors of q?
2
Let h = 10 - 6. Let j = -5 + 6. Suppose -h*t + j = -19. What are the prime factors of t?
5
Let h be (0 + -1)*5*(-1)/5. What are the prime factors of 6 + -2 + 0 + h?
5
Let d = 1329 - -325. What are the prime factors of d?
2, 827
Let u(n) = 20*n**2 - 6*n + 3*n - 8 + 2. What are the prime factors of u(-2)?
2, 5
Let x(o) = 4*o**3 - 26*o**2 - 11*o - 49. List the prime factors of x(8).
13, 19
Let y = 635 + -118. List the prime factors of y.
11, 47
Let c = -23 - -38. Let a = c + -12. Suppose -a*u - 4 = -67. What are the prime factors of u?
3, 7
Let z(d) = -917*d + 469. List the prime factors of z(-3).
2, 5, 7, 23
Let g(v) = -v**2 + 10*v - 9. Let t be g(9). Let w be (t - 3)*32/24. What are the prime factors of (-696)/(-40) - w/(-10)?
17
Suppose 3*x = -5*w + 174, -2*w - 3*w = x - 48. What are the prime factors of x